{"id":239,"date":"2019-12-22T14:59:55","date_gmt":"2019-12-22T13:59:55","guid":{"rendered":"http:\/\/www.neuropsy-valence.fr\/?page_id=239"},"modified":"2023-11-06T17:25:33","modified_gmt":"2023-11-06T16:25:33","slug":"cabinet","status":"publish","type":"page","link":"https:\/\/www.neuropsy-valence.fr\/?page_id=239","title":{"rendered":"Cabinet"},"content":{"rendered":"<p><span style=\"text-decoration: underline; color: #993366;\"><strong>Contact:<\/strong><\/span><\/p>\n<ul>\n<li>07 82 69 31 24<\/li>\n<li><a href=\"mailto:sbaille@neuropsy-valence.fr\">sbaille@neuropsy-valence.fr<\/a>&nbsp;(*)<\/li>\n<\/ul>\n<p><span style=\"text-decoration: underline; color: #993366;\"><strong>Adresse:<\/strong><\/span><strong><span style=\"color: #993366;\"> &nbsp;&nbsp;&nbsp;&nbsp;<\/span>&nbsp;&nbsp;&nbsp;&nbsp;&nbsp;&nbsp; &nbsp; &nbsp; &nbsp; &nbsp; &nbsp; &nbsp;&nbsp; <\/strong><span style=\"text-decoration: underline;\"><strong><br><\/strong><\/span><\/p>\n<p><strong><span class=\"address_address1\">P\u00f4le Sant\u00e9 Valence Sud &#8211; 1er \u00e9tage (entr\u00e9e C)<br>297, avenue de Provence (RN7)<\/span><\/strong><br><strong>26000 VALENCE<\/strong><\/p>\n<p><span style=\"text-decoration: underline; color: #993366;\"><strong>Localisation:<\/strong><\/span><\/p>\n<ul>\n<li>\u00e0 proximit\u00e9 de la sortie de l&#8217;autoroute A7 (sortie n\u00b015: Valence-Sud)<\/li>\n<li>grand parking gratuit sur place<\/li>\n<li>bus r\u00e9seau Cit\u00e9a: ligne 17 ou 18<\/li>\n<\/ul>\n<p><span style=\"text-decoration: underline; color: #993366;\"><strong>A proximit\u00e9:<\/strong><\/span><\/p>\n<ul>\n<li>Pharmacie<\/li>\n<li>G\u00e9ant Valence Sud + Galerie commerciale, E. Leclerc<\/li>\n<\/ul>\n\n\n<iframe loading=\"lazy\" src=\"https:\/\/www.google.com\/maps\/embed?pb=!1m18!1m12!1m3!1d2825.4708262605336!2d4.876042315349198!3d44.913759979098344!2m3!1f0!2f0!3f0!3m2!1i1024!2i768!4f13.1!3m3!1m2!1s0x47f558159cee61f9%3A0x70f7e290fa39c06!2s297%20Avenue%20de%20Provence%2C%2026000%20Valence!5e0!3m2!1sfr!2sfr!4v1588337354788!5m2!1sfr!2sfr\" style=\"border:0;\" allowfullscreen=\"\" aria-hidden=\"false\" tabindex=\"0\" width=\"600\" height=\"450\" frameborder=\"0\"><\/iframe>\n\n\n\n<iframe loading=\"lazy\" src=\"https:\/\/www.google.com\/maps\/embed?pb=!4v1588337406979!6m8!1m7!1soyV4xuuKkUFgh_mUTsTd7Q!2m2!1d44.91359407136051!2d4.877971951694962!3f79.50408665627815!4f-1.4879343953886917!5f0.7820865974627469\" style=\"border:0;\" allowfullscreen=\"\" aria-hidden=\"false\" tabindex=\"0\" width=\"600\" height=\"450\" frameborder=\"0\"><\/iframe>\n\n\n\n<div style=\"height:100px\" aria-hidden=\"true\" class=\"wp-block-spacer\"><\/div>\n\n\n\n<p><\/p>\n\n\n\n<p>(*) Ma messagerie utilise un protocole s\u00e9curis\u00e9 (SMTPS\/IMAPS). Il vous appartient de v\u00e9rifier que votre (client de) messagerie fait de m\u00eame si vous souhaitez garantir la confidentialit\u00e9 des \u00e9changes de bout en bout.<\/p>\n","protected":false},"excerpt":{"rendered":"<p>Contact: 07 82 69 31 24 sbaille@neuropsy-valence.fr&nbsp;(*) Adresse: &nbsp;&nbsp;&nbsp;&nbsp;&nbsp;&nbsp;&nbsp;&nbsp;&nbsp;&nbsp; &nbsp; &nbsp; &nbsp; &nbsp; &nbsp; &nbsp;&nbsp; P\u00f4le Sant\u00e9 Valence Sud &#8211; 1er \u00e9tage (entr\u00e9e C)297, avenue de Provence (RN7)26000 VALENCE Localisation: \u00e0 proximit\u00e9 de la sortie de l&#8217;autoroute A7 (sortie n\u00b015: Valence-Sud) grand parking gratuit sur place bus r\u00e9seau Cit\u00e9a: ligne 17 ou 18 A proximit\u00e9: [&hellip;]<\/p>\n","protected":false},"author":2,"featured_media":0,"parent":0,"menu_order":0,"comment_status":"closed","ping_status":"closed","template":"","meta":[],"_links":{"self":[{"href":"https:\/\/www.neuropsy-valence.fr\/index.php?rest_route=\/wp\/v2\/pages\/239"}],"collection":[{"href":"https:\/\/www.neuropsy-valence.fr\/index.php?rest_route=\/wp\/v2\/pages"}],"about":[{"href":"https:\/\/www.neuropsy-valence.fr\/index.php?rest_route=\/wp\/v2\/types\/page"}],"author":[{"embeddable":true,"href":"https:\/\/www.neuropsy-valence.fr\/index.php?rest_route=\/wp\/v2\/users\/2"}],"replies":[{"embeddable":true,"href":"https:\/\/www.neuropsy-valence.fr\/index.php?rest_route=%2Fwp%2Fv2%2Fcomments&post=239"}],"version-history":[{"count":45,"href":"https:\/\/www.neuropsy-valence.fr\/index.php?rest_route=\/wp\/v2\/pages\/239\/revisions"}],"predecessor-version":[{"id":2100,"href":"https:\/\/www.neuropsy-valence.fr\/index.php?rest_route=\/wp\/v2\/pages\/239\/revisions\/2100"}],"wp:attachment":[{"href":"https:\/\/www.neuropsy-valence.fr\/index.php?rest_route=%2Fwp%2Fv2%2Fmedia&parent=239"}],"curies":[{"name":"wp","href":"https:\/\/api.w.org\/{rel}","templated":true}]}}

<p><span style="text-decoration: underline; color: #993366;"><strong>Contact:</strong></span></p>
<ul>
<li>07 82 69 31 24</li>
<li><a href="mailto:sbaille@neuropsy-valence.fr">sbaille@neuropsy-valence.fr</a>&nbsp;(*)</li>
</ul>
<p><span style="text-decoration: underline; color: #993366;"><strong>Adresse:</strong></span><strong><span style="color: #993366;"> &nbsp;&nbsp;&nbsp;&nbsp;</span>&nbsp;&nbsp;&nbsp;&nbsp;&nbsp;&nbsp; &nbsp; &nbsp; &nbsp; &nbsp; &nbsp; &nbsp;&nbsp; </strong><span style="text-decoration: underline;"><strong><br></strong></span></p>
<p><strong><span class="address_address1">Pôle Santé Valence Sud &#8211; 1er étage (entrée C)<br>297, avenue de Provence (RN7)</span></strong><br><strong>26000 VALENCE</strong></p>
<p><span style="text-decoration: underline; color: #993366;"><strong>Localisation:</strong></span></p>
<ul>
<li>à proximité de la sortie de l&#8217;autoroute A7 (sortie n°15: Valence-Sud)</li>
<li>grand parking gratuit sur place</li>
<li>bus réseau Citéa: ligne 17 ou 18</li>
</ul>
<p><span style="text-decoration: underline; color: #993366;"><strong>A proximité:</strong></span></p>
<ul>
<li>Pharmacie</li>
<li>Géant Valence Sud + Galerie commerciale, E. Leclerc</li>
</ul>


<iframe loading="lazy" src="https://www.google.com/maps/embed?pb=!1m18!1m12!1m3!1d2825.4708262605336!2d4.876042315349198!3d44.913759979098344!2m3!1f0!2f0!3f0!3m2!1i1024!2i768!4f13.1!3m3!1m2!1s0x47f558159cee61f9%3A0x70f7e290fa39c06!2s297%20Avenue%20de%20Provence%2C%2026000%20Valence!5e0!3m2!1sfr!2sfr!4v1588337354788!5m2!1sfr!2sfr" style="border:0;" allowfullscreen="" aria-hidden="false" tabindex="0" width="600" height="450" frameborder="0"></iframe>



<iframe loading="lazy" src="https://www.google.com/maps/embed?pb=!4v1588337406979!6m8!1m7!1soyV4xuuKkUFgh_mUTsTd7Q!2m2!1d44.91359407136051!2d4.877971951694962!3f79.50408665627815!4f-1.4879343953886917!5f0.7820865974627469" style="border:0;" allowfullscreen="" aria-hidden="false" tabindex="0" width="600" height="450" frameborder="0"></iframe>



<div style="height:100px" aria-hidden="true" class="wp-block-spacer"></div>



<p></p>



<p>(*) Ma messagerie utilise un protocole sécurisé (SMTPS/IMAPS). Il vous appartient de vérifier que votre (client de) messagerie fait de même si vous souhaitez garantir la confidentialité des échanges de bout en bout.</p>

<p>Contact: 07 82 69 31 24 sbaille@neuropsy-valence.fr&nbsp;(*) Adresse: &nbsp;&nbsp;&nbsp;&nbsp;&nbsp;&nbsp;&nbsp;&nbsp;&nbsp;&nbsp; &nbsp; &nbsp; &nbsp; &nbsp; &nbsp; &nbsp;&nbsp; Pôle Santé Valence Sud &#8211; 1er étage (entrée C)297, avenue de Provence (RN7)26000 VALENCE Localisation: à proximité de la sortie de l&#8217;autoroute A7 (sortie n°15: Valence-Sud) grand parking gratuit sur place bus réseau Citéa: ligne 17 ou 18 A proximité: [&hellip;]</p>
